actors of (-4 + 3)*(2 + j)?
19
Suppose -5*t + 2*v = 332 - 1217, 0 = v + 5. Let h = 248 - t. What are the prime factors of h?
73
Let s = 273 + -136. Let l = 92 - s. Let h = 88 + l. What are the prime factors of h?
43
Suppose 4*d + 2*s - 14 = 0, 6*d - 5*s = 2*d + 21. Suppose -d = 3*a - 16. Suppose -100 = -5*o - a*i, 57 = 3*o + 4*i - i. What are the prime factors of o?
2, 3
Let l(r) = -r**3 + 5*r**2 - 5*r + 6. Let p be l(4). Suppose -5*b - p*q - 273 = 2*q, 0 = 5*b - q + 263. Let c = -22 - b. What are the prime factors of c?
31
List the prime factors of (30/54)/(-5) - (-15986)/18.
2, 3, 37
Let u = 38 + -21. Let l = u - 15. Suppose -119 = -l*j - 39. List the prime factors of j.
2, 5
Suppose 8*j + 2*j - 20 = 0. Suppose -96 = -4*q + j*q. What are the prime factors of q?
2, 3
Let i(g) = -4*g**2 - 2*g + 2. Let n be i(-2). List the prime factors of n/(-45) - 2296/(-36).
2
Let b(f) = -f**3 - 20*f**2 - 32*f + 27. What are the prime factors of b(-19)?
2, 137
Suppose 10*q - 5076 = 5604. What are the prime factors of q?
2, 3, 89
Let g(r) = -3. Let s(m) = m**2 - 8. Let l(b) = 8*g(b) - 3*s(b). Let h be l(-1). Let j = 10 - h. What are the prime factors of j?
13
Suppose -3*d = -3*l - 3, 3*d + 2*d - 4*l = 6. Suppose b = -b - d*m + 130, 2*b - 133 = -m. List the prime factors of b.
2, 17
List the prime factors of 2/((-295)/225*3 - -4).
2, 3, 5
Let u(w) = w**3 - 10*w**2 + 9*w - 5. Let p be u(9). Let a be (-1)/p - (-416)/20. Suppose -l - a = -4*l. What are the prime factors of l?
7
Suppose 0*q - 3*x = -4*q + 1004, 0 = x. Suppose -3*z + 74 = q. What are the prime factors of (-7)/7 + z/(-1)?
2, 29
Let l(x) = -x**3 + 12*x**2 - 2*x + 16. Let d be ((-48)/28)/((-2)/14). Let g be l(d). List the prime factors of (-44)/5*20/g.
2, 11
Let o be (46/6)/((-1)/3). Suppose -h - 5*q - 1 = 0, -21*h + 18*h + 39 = q. Let v = h - o. List the prime factors of v.
37
Let z be (-48)/(-28) + (-2)/(-7). Suppose z*h - 1 = 3. Suppose 2*s + 2*q - 91 = -3*s, 37 = h*s + q. What are the prime factors of s?
17
Suppose 4*y = -5*f - y + 15, 5*f - 3*y - 23 = 0. Suppose -f*u + 236 = 5*v, v - 78 + 19 = -u. What are the prime factors of u?
59
Let m be 3/(9*(-3)/(-18)). List the prime factors of (-2 - -50) + (m - 1).
7
Suppose 5*o - 23 = -8. Suppose o = -l - 1. List the prime factors of (-248)/l + 12/(-4).
59
Let y(u) = -u**3 - u**2 + 273. Let z be y(0). Suppose 28*j = 25*j + z. List the prime factors of j.
7, 13
Let d = 66 + 25. Let o = d + 0. What are the prime factors of o?
7, 13
Let a(j) = 2*j**3 - 9*j**2 - 10*j. Let n be a(7). Let u be ((-12)/(-10))/(5/n). Let b = 82 - u. What are the prime factors of b?
2, 5
Let y(a) = a**3 + 13*a**2 + 10*a + 21. Let c(w) = -w + 12. Let r be c(24). What are the prime factors of y(r)?
3, 5
Suppose 2*c = 4*h - 2030, -4*c + 9 = -c. What are the prime factors of h?
509
Suppose -4*g - 2368 = -10348. List the prime factors of g.
3, 5, 7, 19
Suppose -84 = -5*u + 1. Let f = -4 + u. Let l = f - -51. List the prime factors of l.
2
Let r be -2 + 3*(-44)/(-12). Suppose -i = r + 6. Let q = i - -22. What are the prime factors of q?
7
Let y(g) be the first derivative of -2*g**3/3 + g**2 - 13*g - 3. Let d be y(-8). Let p = -105 - d. List the prime factors of p.
2, 13
Let j(r) = -6*r**3 + 8*r**2 + 15*r + 8. List the prime factors of j(-3).
197
Suppose -7*c + 2*c + 920 = 0. What are the prime factors of c?
2, 23
Suppose -4*p + 0*p = -216. List the prime factors of 1 + p + (-8 - -12).
59
Suppose -53*d - 28138 = -113786. List the prime factors of d.
2, 101
Let c be 0 + 4 + 1 + -29. What are the prime factors of (-2 - c/15)*1335/(-3)?
2, 89
Suppose -5*f = -3*y + 49, 18 = -5*y - f + 53. Suppose y*a - 297 = 5*a. List the prime factors of a.
3, 11
Let y(w) = 14*w**2 - 13*w + 9. Let q(r) = 13*r**2 - 12*r + 8. Let j(u) = 4*q(u) - 3*y(u). What are the prime factors of j(3)?
2, 17
What are the prime factors of (-4 - -3)/((-1)/637)?
7, 13
Suppose 3*r + 38 + 22 = 5*u, -21 = r - 2*u. Let g = 36 - r. List the prime factors of g.
3, 17
Let v be 4/14 + (-99)/(-21). Suppose -w = -v*w + 16. Suppose -w*r + 157 - 29 = 0. What are the prime factors of r?
2
Let j(l) = 8*l**2 - 16*l + 121. What are the prime factors of j(6)?
313
List the prime factors of (-11)/(13 + -35) - (-5386)/4.
3, 449
Let i = 33 - 9. Suppose -2*l - 24 = -6*l - 4*z, l = z + 6. Suppose -s - l*p = -p - 4, -3*s - 3*p = -i. List the prime factors of s.
3
List the prime factors of (-15)/(45/(-12)) - (-5550)/5.
2, 557
Let k(c) = 5*c**2 - 6*c - 6. What are the prime factors of k(-5)?
149
Let k(i) be the second derivative of 11*i**3/3 + 4*i**2 + 11*i. What are the prime factors of k(5)?
2, 59
List the prime factors of 16/36 - (-70390)/18.
3911
Suppose 3*y = 7*y, -24 = -3*f - 5*y. Let b = -246 - -241. Let t = b + f. List the prime factors of t.
3
Suppose 158 = s - 342. What are the prime factors of s?
2, 5
Suppose 0 = 20*o - 18*o - 4. Suppose 3*c - o*c - 17 = 0. What are the prime factors of c?
17
Suppose 2*m = -m + 15. Suppose 0 = m*a + 2*h - 19, 0 = -3*a - h + 17 - 6. Suppose a*w - o + 5*o - 41 = 0, 3*o - 8 = w. List the prime factors of w.
7
Let c = -147 + 151. Let q(w) be the third derivative of w**5/60 + w**4/8 + w**3/3 + w**2. What are the prime factors of q(c)?
2, 3, 5
List the prime factors of 7 + -4 + (-7 - -185).
181
Let c = 92 + -89. What are the prime factors of (-8 - (-1052)/6) + (-1)/c?
167
Suppose n - 5*n = -36. Suppose 9 = 5*l - 26. Let y = n + l. What are the prime factors of y?
2
Let u = -28 - -33. Let t be 8/(-20) - (-437)/u. Suppose -7*r = -4*r - t. List the prime factors of r.
29
Suppose 0 = 2*o + 3*o + 40. Let b be (-304)/(-20)*(-15)/(-6). Let x = b + o. What are the prime factors of x?
2, 3, 5
Suppose -24 = -3*f - f. Suppose -f*z + 0*z + 48 = 0. What are the prime factors of z?
2
Let z be (-454)/2 - (2 + 0). Let x = -109 - z. Suppose 0*s = 5*s - x. What are the prime factors of s?
2, 3
Let d = -579 - -800. List the prime factors of d.
13, 17
Let y(r) = r**2 + 10*r - 22. Let i be y(-12). Suppose 5*l = i*l + 378. What are the prime factors of l?
2, 3, 7
Suppose 0*v - 2*v - 333 = -b, 4*v = b - 329. Let m = 472 - b. What are the prime factors of m?
3, 5
Let u = 189 - -218. Let v = -240 + u. What are the prime factors of v?
167
Suppose 16*o - 3416 = 9*o. Suppose -o = -22*x + 20*x. What are the prime factors of x?
2, 61
Suppose 8*f + 30 - 14 = 0. What are the prime factors of (12/15)/(f/(-670))?
2, 67
Suppose 22 = 3*x - 4*h, 2*x = -3*x - 5*h - 10. Suppose -20 = -3*k - x*k. Suppose -2*f + 98 = 5*w + 10, w = -k*f + 14. List the prime factors of w.
2, 3
Let q(o) = 38*o**2 + 5*o + 26. Let u(x) = -13*x**2 - 2*x - 9. Let c(r) = 6*q(r) + 17*u(r). What are the prime factors of c(2)?
23
Suppose -5*f = 2*f - 35. Let j be 5*(22/f + -4). Suppose -2*h = -0 + j, -3*q + 3*h + 9 = 0. What are the prime factors of q?
2
Let z(h) = -2*h**2 - 13*h + 2070. What are the prime factors of z(0)?
2, 3, 5, 23
Let h = -91 - -460. List the prime factors of h.
3, 41
Let b = 28 - 28. Suppose f = z + 3*z - 10, b = 2*z + 5*f - 16. Suppose 0 = 3*x + z*k + 37 - 223, 5*x - 298 = -k. What are the prime factors of x?
59
Let o(c) = -c**3 - 32*c**2 - 33*c - 21. What are the prime factors of o(-31)?
41
Suppose -2*s - 30 = -0. Let m(q) = q**3 + 16*q**2 + 11*q - 22. Let f be m(s). Suppose -3*a + f = -a. List the prime factors of a.
19
Suppose -1 = o - 7. Let j = o - 6. Suppose -d + v + 0*v + 12 = j, 0 = -d - 3*v + 16. List the prime factors of d.
13
Suppose 0*q = -3*q - 12. Let w be (3 + 2/q)*-2. Let d(r) = r**3 + 4*r**2 - 7*r. What are the prime factors of d(w)?
2, 5
Suppose -2*v = 4*v - 216. What are the prime factors of v?
2, 3
Let z(i) = -i**2 + 26*i - 1. Suppose 8*q - 81 = -9. List the prime factors of z(q).
2, 19
Suppose 0 = 4*g - 12. Let c be 3/12 + (-7)/(-4). Suppose 130 = g*w + c*w + 5*f, 0 = 2*f - 10. List the prime factors of w.
3, 7
Suppose -j = 2*g - 7*g - 2686, -4*j - 4*g = -10864. What are the prime factors of j?
2711
Let v(i) = -i**2 + 3*i. Let p be v(4). Let w be (-31)/11 + p/22. Let h(o) = o**2 + o. What are the prime factors of h(w)?
2, 3
Suppose -16 = -6*y + 38. Let s(i) = -i**3 + 12*i**2 - 9*i - 9. List the prime factors of s(y).
3, 17
Let q be (-3)/9 + 485/15. Suppose -2*o + 16 = -q. What are the prime factors of o?
2, 3
Suppose -1 = 5*z - 11. 